is divided by 6.
5
Let h = 25 + -16. Calculate the remainder when ((-15)/h)/((-3)/9) is divided by -5*(-9)/(135/6).
1
Let c(u) = -20*u + 14. Let a be c(12). Suppose 4 = -y + 12. Calculate the remainder when 85 is divided by 12/16 - a/y.
27
Let f be -1*0/(1/(-1) - 0). Suppose f*r - 4*r = -84. Let a(d) = -21*d - 3. What is the remainder when a(-3) is divided by r?
18
Suppose 22 = 13*i - 641. What is the remainder when 99 is divided by i?
48
Suppose 4*j - 119 = 105. Let g = 1174 - 1154. Calculate the remainder when j is divided by g.
16
Let a = 63 - 35. Suppose 2*b - 2*v - 80 = 0, 3*b + v + 2*v = 132. Let f = b + -27. What is the remainder when a is divided by f?
13
Suppose -3*p - 7 = 11. Let a = p + 11. What is the remainder when 23 is divided by a?
3
Let q be 3/((-72)/(-164)) + 2/12. Suppose 3*y - o = q, -4*y - o = -8 - 13. Calculate the remainder when 22 is divided by y.
2
Let o = 575 + -565. What is the remainder when 113 is divided by o?
3
Suppose -3*h + 86 = -h. Let w = h + -26. Let j = 56 + w. What is the remainder when j is divided by 19?
16
Suppose -240 = 17*j - 21*j. What is the remainder when j is divided by 21?
18
Let o(y) = y. Let b be o(0). Suppose -a = 2*d - 3, b = d + 5. Suppose 0 = 2*k + s - 45, -2*s + 52 = 2*k + 12. What is the remainder when k is divided by a?
12
Let z be 3/2 - (-5)/2. Suppose 0 = -2*q - z*q + 126. Calculate the remainder when q is divided by 360/44 - (-4)/(-22).
5
Suppose 5*i - 337 = 48. Suppose -436 = 69*l - 1421 - 1706. What is the remainder when i is divided by l?
38
Suppose -10*w - 24*w + 1190 = 0. What is the remainder when 149 is divided by w?
9
Let a = -409 - -427. Calculate the remainder when 68 is divided by a.
14
Suppose 0 = -3*i + 34 - 22. Calculate the remainder when 41 is divided by i.
1
Suppose -19*b = -688 - 91. Calculate the remainder when 79 is divided by b.
38
Suppose 0*s = 5*s + 55. Let k = s - -50. Suppose 7*z - k = 4*z. Calculate the remainder when 38 is divided by z.
12
Let p = 800 + -718. What is the remainder when 160 is divided by p?
78
Suppose 2*k + 108 = -3*w, 3*w + 209 = -4*k - 7. Calculate the remainder when 50 is divided by (17 + -18)*k/2.
23
Let y(i) = -i - 6. Calculate the remainder when 1/(2/(-4))*(-1 + -3) is divided by y(-11).
3
Suppose 3*k = 327 + 45. Let a = k - 93. Calculate the remainder when 87 is divided by a.
25
Let y(f) = f**3 - 7*f**2 - 7*f - 38. What is the remainder when y(11) is divided by 12?
9
Suppose 3*d - 3*t = 1080, 4*d - 6*d = -t - 715. Calculate the remainder when d is divided by 90.
85
Suppose 0 = -4*v + 77 - 65. Suppose 0 = 3*m - m + v*w - 18, 2*m = -w + 22. What is the remainder when 46 is divided by m?
10
Suppose -4*c - c = -4*z - 11, 0 = c + z - 4. Suppose w + w = 2, -2*p - c*w = -77. Calculate the remainder when p is divided by (-10)/(-1 + 2/4).
17
Suppose -9*p + 36*p - 756 = 0. Calculate the remainder when 529 is divided by p.
25
Let p = 377 + -344. Let u(d) = -d + 5. Let o be u(4). What is the remainder when p is divided by 8 + -2 + 5 + o?
9
Suppose 4*x = -s + 12, -7 + 19 = 4*x. Suppose 5*z - 110 + 5 = s. Calculate the remainder when z is divided by 12.
9
Let a = 12 - 4. Suppose a = c + 5*i, 0*c + c - i + 16 = 0. Calculate the remainder when 12 is divided by (c/15)/(9/(-45)).
0
Let x = -631 + 664. What is the remainder when 110 is divided by x?
11
Suppose 5*h = 2*v + 283, 25*h - 2*v = 29*h - 212. Calculate the remainder when 274 is divided by h.
54
Let r(p) = 13*p**2 + 36*p - 71. Calculate the remainder when 150 is divided by r(2).
44
Suppose 4*v + 103 = 5*k, k = -0*k + 3*v + 25. What is the remainder when k is divided by 4?
3
Let m = -1 - -3. Let i(t) = 0 + 5 - 4 - 5*t + 2. What is the remainder when i(-1) is divided by m?
0
Let c(r) = r**2 - 5*r + 23. Let z be c(3). Suppose 91 = 6*i - z. Calculate the remainder when i is divided by 11.
7
Suppose 3*k - 22 = -4*u + 30, -20 = -2*u - 3*k. Let q(z) = 2*z**2 - 14*z + 40. Calculate the remainder when q(6) is divided by u.
12
Calculate the remainder when 81 is divided by (((-100)/6)/(-10))/((-2)/(-30)).
6
Suppose 2*z - 36 = z. Suppose 2*l + 4*h + 8 = 0, -3*l - 2*h + 8 = l. Suppose -2*b + l*b - 2*q - z = 0, 0 = q - 3. What is the remainder when b is divided by 11?
10
Let q = 11 - 16. Let s(i) = 2*i**2 + 9*i - 3. Let h be s(q). Suppose -3*l - h*l + 25 = 0. What is the remainder when 18 is divided by l?
3
Let b(p) = p**2 + 3*p - 6. Let h be (3/(-2))/((-3)/8). What is the remainder when b(h) is divided by 12/14*7/2 - -5?
6
Suppose 61 + 209 = 15*o. Suppose 128 = -q + 5*q. What is the remainder when q is divided by o?
14
Suppose -4*s = -7*s + 219. Let p(n) = 9*n + 8. Let q(i) = -13*i - 12. Let c(a) = 8*p(a) + 5*q(a). Calculate the remainder when s is divided by c(3).
23
Let p(a) = -278*a + 906. What is the remainder when 289 is divided by p(3)?
1
Let x be -28 + 3*(-8)/12. Calculate the remainder when 35 is divided by ((-3)/(-6))/(-4 - 125/x).
2
Let f = 269 - 118. Calculate the remainder when f is divided by 17.
15
Let u(t) = t**2 - 7*t. Suppose 0*y = 2*y + 4. Let f = 10 + y. Calculate the remainder when u(f) is divided by 5.
3
Suppose 0 = 3*b - 6, -4*m = 3*b + 52 - 894. Calculate the remainder when m is divided by 71.
67
Suppose -3*w = 5*x - 45, 5*w - 17 = -x + 6*w. Let y(t) = -t**3 + 11*t**2 + 15*t - 21. Calculate the remainder when 41 is divided by y(x).
11
Suppose -5*z = -307 + 62. What is the remainder when 143 is divided by z?
45
Suppose -4*x = -15 - 13. Let i = -334 - -345. Calculate the remainder when i is divided by x.
4
Let v be (10/6)/((-15)/(-54)). What is the remainder when 11 + v/2 + 1 is divided by (24/(-21))/((-4)/14)?
3
Let d be 6/3 + (-15)/(-3). Suppose u + 3 = d. Suppose 0*i - u*i + 68 = 0. Calculate the remainder when i is divided by 5.
2
Let v(t) = -6*t - 7. Let o(k) = 5*k**3. Let x be o(-1). What is the remainder when 67 is divided by v(x)?
21
Let z be 0 + 1/(0 + -1). Let v(j) = 1. Let o(l) = -l**2 + 10*l - 5. Let i(h) = z*o(h) + 6*v(h). What is the remainder when 31 is divided by i(10)?
9
Suppose 16*j - 758 + 470 = 0. What is the remainder when 879 is divided by j?
15
Let g(c) = 3*c - 35. Let l = -14 - -47. Calculate the remainder when g(18) is divided by ((-4)/6)/((-2)/l).
8
Let z(x) = x**2 + 57*x + 536. What is the remainder when z(-47) is divided by 165/12 - (-1)/4?
10
Let p = 5 - 3. Let s be 0*p/(-8) - -5. Suppose -80 = -s*q - 5*c, 3*c - 6 - 21 = -2*q. What is the remainder when q is divided by 12?
9
Suppose 5*q = -25, 4*q + 107 = -2*b + 3. Let z = -36 - b. Calculate the remainder when z is divided by 4.
2
Let h(m) = m**2 - 6*m + 14. Let u = -12 - -17. Suppose u*z + 15 = 125. What is the remainder when z is divided by h(5)?
4
Let z(b) = 43*b**3 - 2*b**2 + 5*b - 3. Calculate the remainder when z(1) is divided by 22.
21
Let h be (6 + -4)*93/(-6). Let a = 86 + h. What is the remainder when a is divided by 15?
10
Suppose -2*c = 15 - 21. Suppose w - c*t + 13 = -2, 2*w + 4*t + 20 = 0. Calculate the remainder when 18 is divided by (-48)/(-5) - w/30.
8
Suppose -4*c + 16 = -12. Let p(s) = 7*s - 11. What is the remainder when p(7) is divided by c?
3
Calculate the remainder when 23 is divided by 20 - (4 + -2) - -3.
2
Let o(p) = 13*p - 12. Let h be o(-3). Let u = -44 - h. Calculate the remainder when 10 is divided by u.
3
What is the remainder when 7*(1 + -1 + 4) is divided by (2/(-3))/(-10 - 979/(-99))?
4
Suppose -d - 2*d + 18 = 0. Let p(k) = k. Let l be p(d). Calculate the remainder when (-2)/l - 212/(-6) is divided by 9.
8
Let y be 3 - -1 - 1 - 0. What is the remainder when 43 is divided by ((-1)/y)/((-1)/69)?
20
Let j be (-9)/(-15) + (-134)/(-10). Suppose 132 = 2*p + j. Suppose 5*k - 2*a - 69 = -0*k, 42 = 2*k + 4*a. Calculate the remainder when p is divided by k.
14
Let k = -164 - -240. Suppose 2*t - 29 + 3 = 0. What is the remainder when k is divided by t?
11
Suppose 2*y = -2*i - 0 - 2, 15 = -3*i. Suppose -44 = -4*f + y*s + 4, 1 = -s. Calculate the remainder when 63 is divided by f.
8
Suppose -4*z = -2*w + 58, 6*z = 4*w + 2*z - 128. Suppose -2*o + 7*o = -5. Calculate the remainder when w is divided by -18*o*3/6.
8
Suppose 0 = -b + 4, a = -3*a + 3*b - 20. Calculate the remainder when (a/5)/((-3171)/(-455) + -7) is divided by 5.
3
Let y be (-6)/(-6) + -1*137. Let p = 58 + -55. What is the 